 factors of 231 + 15 + 0 + 0 + 2?
2, 31
Suppose 2*f + 6 = 30. Let g(c) = c**2 - 7*c + 8. What are the prime factors of g(f)?
2, 17
Let j = -10 + -42. What are the prime factors of 28/35 + j/(-10)?
2, 3
Suppose 79850 = 148*d - 123*d. List the prime factors of d.
2, 1597
Let b = -12 - -14. Suppose 2*t + 2*s = -34, -3*t + 4*t + 14 = b*s. What are the prime factors of t/(-40) + (-213)/(-5)?
43
Let j = 769 - 107. List the prime factors of j.
2, 331
Let o be 968/(-10) + 6/(-5) + 1. Let r = 23 - o. List the prime factors of r.
2, 3, 5
Suppose 1 = -q + 4. Suppose -q*w + 69 = 9. What are the prime factors of w?
2, 5
Suppose 0 = -y + a + 1636 - 304, -a + 2661 = 2*y. What are the prime factors of y?
11
Let h = 7 + 1. What are the prime factors of 158/2 + h + -4?
83
Let k(m) = -3*m**2 + m + 2. Let i be k(-2). Suppose -5*v = -0*v + 2*f - 182, v - 2*f - 34 = 0. Let w = i + v. List the prime factors of w.
2, 3
Let k be 8/36 + 268/9. Suppose -s - 5*y = k, -2*y = 3*s + 68 - 17. List the prime factors of 1/(0 - 3/s).
5
Let o(y) = y**3 + 4*y**2 - 7*y - 5. Let n be o(-5). Suppose -92 = -n*m + 53. Let w = m + -15. What are the prime factors of w?
2, 7
Let x(y) = 5*y - 27. Let d be x(7). Suppose 48 = 7*o - d. List the prime factors of o.
2
Suppose -22*l = 127 - 5055. What are the prime factors of l?
2, 7
List the prime factors of (2 + 236/(-6))*(-1053)/39.
2, 3, 7
Let w = -28 - -27. List the prime factors of 0 + -2 - (-31 + w).
2, 3, 5
Let k = 224 - -176. What are the prime factors of k?
2, 5
Let a(x) = 3*x - 4*x + 1 + 0 + 0*x + 0*x. Let t be 2/6 - (-21)/(-9). List the prime factors of a(t).
3
Let m be -1 - -20*(-3)/6. Let i = m + 6. Let g = 11 + i. List the prime factors of g.
2, 3
Let n(v) = -8*v. Let y be n(-1). Let l be ((-4)/6)/(4/(-18)). Suppose -y*q + 25 = 5*z - l*q, -4*q = -3*z + 1. List the prime factors of z.
3
What are the prime factors of -4 - (-140)/2 - 6?
2, 3, 5
List the prime factors of 6/27 + (-206713)/(-117).
3, 19, 31
Let b = -102 - -97. List the prime factors of ((-4)/3)/(-1)*(b + 8).
2
Suppose -2*h + 2 = -h. Let q be (-55 + 3)*h/(-4). Suppose -86 + q = -4*b. List the prime factors of b.
3, 5
Let m(y) = -3*y - 11. Let f be m(5). Let l = 46 + f. List the prime factors of l.
2, 5
Suppose -2*d = -q - 0*q + 5, 0 = 3*q + 4*d - 15. Let w(t) = 5*t**2 - 5. List the prime factors of w(q).
2, 3, 5
Let w(n) = -n + 1 - 4 + 11. Let b be w(9). Let a(k) = -33*k**3 - k**2 + 1. What are the prime factors of a(b)?
3, 11
Let k(f) = -59*f + 15. Let z be k(-3). Suppose 0*m + 3*m + 382 = 2*s, z = s - 2*m. List the prime factors of s.
2, 47
Let b(t) = 5*t**2 - 9*t + 11. What are the prime factors of b(6)?
137
Let z(w) = 3 + 65*w**2 - 34*w**2 + 1 + 4*w - 1. List the prime factors of z(-1).
2, 3, 5
Let y be 12/5 + (-14)/35. Suppose 240 - 264 = -y*i. List the prime factors of i.
2, 3
Let g(x) = -x**3 - 20*x**2 - 2*x - 26. Let u be g(-20). What are the prime factors of 0 - (-1 - u) - -4?
19
Suppose 2 = -5*r - 3, x = 2*r + 160. Let k = x - 44. What are the prime factors of k?
2, 3, 19
What are the prime factors of (-1059)/(-1) - ((-4)/(-4) + -5)?
1063
Let f be (15 + -15)/(-1*2). What are the prime factors of (f + 8)*(-255)/(-60)?
2, 17
Let i(w) be the second derivative of w**4/4 + 4*w**3/3 - 3*w**2/2 - 8*w. What are the prime factors of i(-6)?
3, 19
Let n(v) = v**3 - 4 + 8 - 8 - 4*v**2 + 6*v + 9. List the prime factors of n(5).
2, 3, 5
Let y = -7 - -15. Suppose -51 = 2*x - 57. Suppose -x*z + y = -4. List the prime factors of z.
2
Suppose 0 = 16*p - 20*p - 8. What are the prime factors of (255 + -1)/(4/1 + p)?
127
Let o = 1 + 7. Let w(c) = -c**3 + 9*c**2 - 6*c + 11. What are the prime factors of w(o)?
3
Let v(m) = -m**3 + 6*m**2 + 7*m + 2. Let s be v(7). Suppose -c = s - 4. What are the prime factors of c/(-3)*(-861)/14?
41
Suppose 2*k = 5*j + 4350, 4*j = -k + 1020 + 1129. List the prime factors of k.
5, 433
What are the prime factors of 4/(-8)*(-2467 - -9)?
1229
Let t(k) = 2*k**2 - 2 - 21*k**3 - 3*k**2 - 5*k - 26*k**3 + 3*k. List the prime factors of t(-1).
2, 23
Suppose -2*k - 2 = l - 0*k, 0 = 3*l - k - 29. Let s(j) = -j**2 + 12*j - 15. What are the prime factors of s(l)?
17
Let l be 158/6 - (-7)/(-21). Let r = -2 + l. What are the prime factors of r?
2, 3
Let z = 111 + -10. List the prime factors of z.
101
Let p(x) = -16*x**2 + 4*x. Let w be p(-2). Let g = w - -155. List the prime factors of g.
83
Suppose -2*g - 379 = 3*c, 4*g + 17 = -c - 96. Let u = c - -221. List the prime factors of u.
2, 23
Suppose 0 = -3*p + 5*p - 52. Suppose l + s = p + 5, 3*l + s = 103. Suppose -l = -5*t + 234. List the prime factors of t.
2, 3
Let q(f) = -18*f - 16. Let v be q(-9). Suppose 3*i = v + 19. List the prime factors of i.
5, 11
Suppose 10 = 2*r - 2*m, 3*r + m + 5 = 2*r. Suppose -3*u - 9*v + 5*v + 695 = r, -2*u = -3*v - 469. List the prime factors of u.
233
Let z(d) = -6*d - 13. Suppose 5*c + 33 = 8. Let j be z(c). Suppose -k + 3*m + 28 = k, k = 3*m + j. What are the prime factors of k?
11
Let x(i) = -i**3 + 36*i**2 + 4*i - 11. Let v be x(36). Let r be ((-138)/8)/((-2)/(-8)). Let l = r + v. List the prime factors of l.
2
Suppose -5*b - 2*f + 11 + 6 = 0, 0 = -4*b + 2*f + 10. Suppose 0 = -b*v - 4*v. Suppose -5*k + 38 + 47 = v. What are the prime factors of k?
17
What are the prime factors of ((-643)/(-3))/(14/42)?
643
Let q be 2/13 + 333/117. Suppose -4*w + 8 = 0, v - q*w + 6 = -0. Suppose v*n - 48 = -n. What are the prime factors of n?
2, 3
Suppose 345*i - 10768 = 337*i. What are the prime factors of i?
2, 673
Let a(q) = -q**3 - 13*q**2 - 11*q + 15. Let i be a(-12). Suppose -5*j - 2*x = -215, i*j + 7*x - 4*x - 138 = 0. Let l = j + 5. List the prime factors of l.
2, 23
Let g(s) be the second derivative of -s**5/20 - 5*s**4/12 - s**3/6 + 5*s**2/2 - 2*s. Let p be g(-5). Suppose -w = -6*w + p. What are the prime factors of w?
2
Let l = -40 - -44. Suppose -63 = -y + l*b, 4*y + 4*b - 312 = -0*b. List the prime factors of y.
3, 5
Let v = 7485 - 3763. What are the prime factors of v?
2, 1861
Suppose -43 = 15*q - 88. What are the prime factors of q?
3
Suppose -2*c + 2624 = -2*i, 1271 = -7*c + 4*i + 10449. List the prime factors of c.
2, 5, 131
Let b(f) = -f**3 - 9*f**2 - 6*f - 12. Let i be b(-8). Let s = i + 117. List the prime factors of s.
89
Suppose 11 = -a - 2*c - 2*c, -5*c - 12 = 3*a. Let l = a - 51. Let v = -8 - l. List the prime factors of v.
2, 3, 7
Let v = -47 + 48. Suppose 0*z - 4 = -z. What are the prime factors of z + -1 - -5*v?
2
Let p(q) = q + 1. Let s(r) = 2*r - 14. Let k(o) = p(o) - s(o). Let z be k(10). Suppose -2*a - 2*w + z = -67, 2*a - 79 = 5*w. List the prime factors of a.
37
Suppose -3*f + 502 + 1232 = 0. What are the prime factors of f?
2, 17
What are the prime factors of 965586/943 - 12/(-246)?
2
Let u be (-320)/(-24)*(-15)/(-2). List the prime factors of (-35)/2*u/(-35).
2, 5
Let z(n) = -n + 22. Let y be z(13). List the prime factors of y*7/(63/6).
2, 3
Let b(k) = -5*k - 4. Let h be b(3). Let r = 17 + h. What are the prime factors of (r - 9/(-3)) + 7?
2
Let f be (1 + -21)*(-24)/(-60). What are the prime factors of (-2036)/(-16) - (-2)/f?
127
List the prime factors of 1/(-1)*(-427 - 1).
2, 107
Let o(v) = v + 9. Let f be o(-7). Suppose 0 = -f*t + 49 - 19. List the prime factors of t.
3, 5
Let x(i) = i**2 - 4*i + 9. Let g be x(6). Suppose -5*h = -8*h + 6. Let b = g + h. List the prime factors of b.
23
Let l(f) = f**2 + 4*f + 5. Let x(j) = 2*j**2 + 9*j + 10. Let p(o) = 7*l(o) - 4*x(o). Let k be p(-7). List the prime factors of ((-16)/16)/(k/(-52)).
2, 13
Let y(k) = k**2 - k - 29. Let t(w) = 7*w - 31. Let v be t(3). What are the prime factors of y(v)?
3
Let s be 300/(-21) - 4/(-14). Let q = 4 - s. What are the prime factors of q?
2, 3
What are the prime factors of 126/(-12)*(-1000)/15?
2, 5, 7
Let n be 15*(5/((-125)/(-880)) + -2). What are the prime factors of ((-1 - -2)*-1)/((-2)/n)?
3, 83
Let j(o) = 0*o**2 + o**2 + 11 - 5*o - 10 + 9. Let q be (-4)/14 - (-37)/7. What are the prime factors of j(q)?
2, 5
Let v = 36 - 32. Suppose -v*x + 196 = -x - 2*n, 4*x - n = 268. What are the prime factors of x?
2, 17
Suppose -f + 16 - 8 = 0. What are the prime factors of f/28 - (-1 - (-2168)/(-7))?
311
Let w = 3 - 3. Suppose -5*d + 4*x + 33 = w, 6*x + 11 = d + 3*x. Let f = d + 5. What a